ulate the greatest common factor of l and 42.
6
Let p be 22/((-220)/(-1470)) - (-9 - 0). Calculate the greatest common factor of 3484 and p.
52
Suppose 13*a = -14*a + 35*a - 8. Let g be 2 + -1 + (-1 - -2). Let k be g*(a + -3) - -64. Calculate the highest common divisor of 12 and k.
12
Suppose 6*p + 5*m - 164 = 2*p, 0 = 3*p + 5*m - 128. Let o be (-135 - 1)/(-17)*9. What is the highest common factor of p and o?
36
Suppose 0 = -5*j - 4*s + 71, -j + 2*j - 18 = 3*s. Suppose -7*v + 3*v = -2*r - 2, -5 = -r. Suppose v*c + c = 60. Calculate the highest common factor of c and j.
15
Let b = 290 + -272. Suppose 5*t - 2*t - 9 = 0. Suppose 0 = -t*q + 4*q - 2. What is the highest common factor of q and b?
2
Suppose 108*s = 264*s + 217*s - 8206. Let k be 2754/10 - 8/20. What is the greatest common factor of s and k?
11
Let z = -5929 + 6150. Let f be (170/(-25))/(1/(-10)). What is the highest common factor of z and f?
17
Let t = -6306 + 6432. What is the greatest common factor of t and 3780?
126
Suppose 5*c - 85421 = 413*n - 414*n, -c = -3*n - 17065. Calculate the highest common divisor of 11 and c.
11
Let d be 1*5 + 1050/(-18)*5418/(-70). Calculate the greatest common divisor of 120 and d.
40
Suppose 4*b = -3*i + 4625, 4*i + 45*b = 43*b + 6160. What is the greatest common factor of 38 and i?
19
Let g(y) = 2*y**2 - 489*y - 3446. Let v be g(-7). Calculate the greatest common divisor of 50 and v.
25
Suppose 3150 = 14*v + 7*v. Let o be (32/(-24) + 2)*v. Let g be (5/3)/(3/45). What is the highest common factor of o and g?
25
Let b be 15 - ((-21)/(-3) + (-25 - -19)). What is the greatest common factor of b and 5047?
7
Suppose 5*v = 3*o + 1520, -6 = -o - 11. Calculate the highest common factor of v and 77.
7
Suppose 2*l = 5538 + 1656. What is the greatest common factor of l and 33?
33
Suppose -1479 = -2*p - 4*j + 6189, -5*p = -j - 19203. Calculate the greatest common factor of p and 8.
8
Let s = 22 - 6. Suppose 0 = f + f - 3*u + 6, 5*u = -5*f + 10. Suppose -l + 0*l + 32 = f. What is the highest common factor of s and l?
16
Let k be 318/18 - (-6)/(-9). Suppose 0 = 2*o - k - 9. Suppose -o*g = -14*g + 9. Calculate the highest common factor of g and 81.
9
Let y(i) = -3*i**2 + 159*i + 437. Let m be y(55). What is the highest common divisor of 428 and m?
107
Let a = -47455 + 70177. Calculate the greatest common divisor of a and 14.
14
Let v(p) = -p**3 - 9*p**2 + 20*p - 6. Let s be v(-18). Calculate the highest common divisor of 25 and s.
25
Let c(h) be the first derivative of -8*h**2 - 17*h - 18. Let l be c(-2). Calculate the highest common factor of 120 and l.
15
Let k = 52 + -9. Let i = -4240 - -4498. What is the greatest common divisor of k and i?
43
Let u(f) = -58*f**2 + 14*f - 4. Let w be u(3). Let p = w - -524. What is the greatest common factor of 920 and p?
40
Suppose 3*n - 30 + 24 = 0. Let j(k) = 48*k**3 - 3*k**2 + 6*k - 6. Let q be j(n). Calculate the greatest common factor of 42 and q.
42
Let h be (-1)/((-2)/(-13))*-2. Let a = -8092 - -8144. What is the highest common divisor of a and h?
13
Let d be (15 + -18)*620/(-15). What is the highest common factor of 62 and d?
62
Let z(u) = 2600*u - 20784. Let r be z(8). Let g be (4/10)/(2/20). What is the greatest common factor of r and g?
4
Let c be 22 - -1 - (-13 + (-5 - -14)). Suppose -9*i + c = 9. Calculate the greatest common factor of i and 18.
2
Suppose -16*r + 10558 = 2*h - 20*r, -5276 = -h + 5*r. Suppose -5*o = -4*o - m - 1057, -m - h = -5*o. What is the highest common divisor of o and 33?
33
Let b be -8*(894/12 + -6). Let q = b + 1106. What is the highest common factor of 18 and q?
18
Suppose 2*j + 524 = 4*j. Suppose 76*s - 4550 + 2187 = -2211. What is the highest common factor of j and s?
2
Let g(l) = l**3 + 11*l**2 + 11*l + 35. Let x be g(12). What is the highest common factor of 147 and x?
49
Let p be 91 + (-4)/(-2) + -5 - (-106 - -100). What is the highest common factor of p and 1457?
47
Let y(u) = 259*u**2 - 7*u + 8. Let c be y(1). What is the greatest common divisor of 20 and c?
20
Let x = 1288 - 1183. Calculate the greatest common divisor of 665 and x.
35
Let r(m) = 170*m + 1712. Let v be r(-10). What is the highest common factor of 692 and v?
4
Suppose -672*k + 667*k + 15 = 0. Calculate the greatest common factor of k and 12.
3
Suppose 171*p - 175*p + 5*b + 551 = 0, 5 = b. What is the highest common divisor of p and 1638?
18
Suppose -3*d + 7*d = 1404. Suppose -78 = 641*l - 643*l. What is the highest common factor of l and d?
39
Let p be ((187/34)/1)/(2/96). Let q be 6/9 - 70/(-3). Calculate the highest common divisor of q and p.
24
Let q = -4367 + 5375. What is the highest common divisor of 63 and q?
63
Suppose -16 = 13*q - 9*q. Let i be 465/165 + q/(-22). Let r(v) = 3*v**2 + 3*v - 3. Let f be r(i). What is the highest common factor of 11 and f?
11
Let g = 99 - 220. Let z = g - -165. Calculate the greatest common factor of z and 55.
11
Let i(t) = 2*t**2 - 98*t + 1560. Let s be i(14). Calculate the highest common factor of s and 3393.
29
Let f(j) = -3*j + 7*j**2 + 3*j**3 - 2*j**3 - 6*j**3 + 4*j**3 - 8. Let m be f(6). Let u = -138 - -208. What is the highest common divisor of m and u?
10
Suppose 3*c = -2*r + 729, -13*r = -11*r + c - 723. What is the greatest common factor of r and 3060?
180
Let p(c) = 26*c + 183. Let r be p(-7). Let m be (-13)/((38/418)/(-1*r)). Calculate the greatest common divisor of m and 13.
13
Suppose 94 + 97 = g + n, -402 = -2*g + 2*n. Let d be 2107/g + -2*2/(-16). Calculate the greatest common divisor of 88 and d.
11
Suppose -690135 - 245613 = -102*x. Calculate the highest common divisor of 132 and x.
66
Suppose -h = -t + 277, 5*t + 33*h - 1397 = 34*h. Calculate the highest common factor of t and 308.
28
Suppose 62*v - 45000 = -58*v. What is the greatest common factor of v and 15?
15
Let o = -40 + 130. Let z be 74/(-8)*(-134 + 122). Let a = z - o. Calculate the greatest common factor of 84 and a.
21
Suppose -3 = 5*y - 18. Let s(d) = -9*d**2 + 31*d + 7. Let m be s(y). Let z be 10/(-45) + 173/9. What is the highest common divisor of z and m?
19
Suppose -20*h + 18538 = 5*h + 6*h. What is the greatest common factor of 247 and h?
13
Let z be (-104)/(-16)*-74*-3. Calculate the highest common divisor of 74 and z.
37
Let q be 1311/12 - 6/(-8). Suppose -2*g - 2*y - 13 = 3, 5*g - 5*y = 0. Let c be ((-8)/6)/(g/66). What is the greatest common divisor of q and c?
22
Suppose 4*q - 2*s = 220, 29 = s + 27. Suppose 10*j - q = 8*j. Suppose 2*u - 2*v - 18 = -0*u, -2*u = -3*v - 20. What is the greatest common divisor of u and j?
7
Let q(f) = -76*f - 130. Let l be q(-2). Calculate the greatest common divisor of l and 891.
11
Let x be 24/18 - (-98)/(-6). Let i = 65 - x. Calculate the highest common factor of 5 and i.
5
Suppose -3*u + 92 + 82 = 0. Suppose 66 = 5*g - 7*g. Let a be (2 - 6) + (-5)/(5/g). Calculate the highest common factor of u and a.
29
Let b = 3847 - 2231. Calculate the greatest common factor of b and 303.
101
Let o(m) = 3*m**2 - 2*m + 3. Let y be o(6). Suppose r - 21 = 3*h, 0 = r + 1247*h - 1246*h - 37. Calculate the greatest common factor of r and y.
33
Suppose 7140 = 28*l - 7*l. Suppose -m = -5*q - 35, 2*q + 95 = 4*m - 3*q. Calculate the highest common factor of m and l.
20
Let j = 908 - 888. Suppose -33*m = -j*m - 3510. Suppose 2*y - 24 + 4 = 0. Calculate the greatest common factor of m and y.
10
Let j = 12306 + -12286. Let k(a) = -a**2 - 11*a - 3. Let t be k(-9). What is the highest common divisor of j and t?
5
Let j = -2 - -10. Let p(d) = -125*d + 758. Let l be p(6). Calculate the greatest common divisor of j and l.
8
Let l = -46 + 67. Suppose -l*m + 15*m + 24 = 0. Suppose -4*n - m = 0, -6*i + 216 = -2*i + 4*n. Calculate the highest common divisor of i and 22.
11
Let n(q) = -q**3 - 4*q**2 - 15*q - 6. Let l be n(-2). Let w = -17 + 60. Let d be -1*1*(11 - w). What is the greatest common divisor of d and l?
16
Let t(j) = 3*j**2 + 14*j - 2. Let i be t(-8). Suppose -5*f - 19 = -4, 0 = 2*n + 4*f - 612. What is the greatest common factor of i and n?
78
Suppose 60 = g - 4*o, -o = 3*g + 24 - 152. Suppose -5*z - m = m - 707, 0 = 4*z - 5*m - 559. Let q = -75 + z. Calculate the highest common divisor of q and g.
22
Suppose 1225 = 3*x - 293. Calculate the highest common divisor of x and 6